d by 5?
2
Let b = 2838 + -2375. What is the remainder when b is divided by 58?
57
Suppose 0 = 30*n - 28*n - 150. Suppose 2*d = 5*g - 90, -28 = -4*g - d + 57. Calculate the remainder when n is divided by g.
15
Suppose 4*v - 3*v - 4 = 0. Let n be (v/(-1))/(6 - 5). Calculate the remainder when 1 + n - (-33 + -2) is divided by 11.
10
Let j(h) = -h**3 + 6*h**2 + 2*h + 2. Let k be j(5). Suppose 221 = 4*g + k. Suppose 4*r - 30 = g. What is the remainder when r is divided by 7?
5
Let g(s) = s**2 + 20*s + 103. Calculate the remainder when g(-4) is divided by 14.
11
Let q(j) = 3*j**2 - j - 2. Let y be q(-2). Suppose -4*t - 5*p = -9*t + 45, 30 = 5*t - 2*p. Calculate the remainder when y/3 - (-4)/2 is divided by t.
2
Let g(n) be the second derivative of n**4/6 - n**3/6 - 13*n**2/2 + 17*n. Calculate the remainder when 59 is divided by g(4).
14
Suppose 5*g + 70 = 12*g. What is the remainder when 43 is divided by g?
3
Suppose 7*a = 9 + 117. Suppose -18*z = -15*z - a. Calculate the remainder when 10 is divided by z.
4
Let p = -75 + 195. Suppose 5*c - p = -c. Let s(m) = -30*m - 1. Calculate the remainder when s(-2) is divided by c.
19
Let s be (3 + (-10)/4)*2. Suppose 0 = o - 3 + s. What is the remainder when o is divided by 2?
0
Suppose 17*l - 3087 = 3543. Suppose 0 = 5*b - 4*u - 666, -5*b + 1028 - l = 3*u. Calculate the remainder when b is divided by 11.
9
Let m(d) = -d**2 - 16*d + 1. Let z(n) = 2*n + 3. Let l be z(-2). Let j = 14 + l. What is the remainder when m(-12) is divided by j?
10
Suppose 16*p = 13*p - 12, p = -3*m + 68. Calculate the remainder when 667 is divided by m.
19
Suppose -4*p + 123 - 35 = 0. Let n(f) = 5*f**3 - 7*f + 8. Calculate the remainder when p is divided by n(1).
4
Suppose 6*u - 258 = 30. Suppose 4*n - 48 = f, 4*n - 2*f - u = 4. What is the remainder when n is divided by 4?
3
Let q = -52 - -142. Suppose o + 4*w - 27 = 0, -4*o - 8*w + 97 = -3*w. Calculate the remainder when q is divided by o.
21
Suppose 5*a = -4*m + 655, 5*a + 9 = 4*m - 616. Suppose y + 123 = 4*y. Calculate the remainder when m is divided by y.
37
Let b(k) = k**3 - 2*k**2 - k - 4. Let r be b(3). Suppose -5*v + 6*q = r*q - 28, 0 = 5*v - 2*q - 34. What is the remainder when 29 is divided by v?
5
Let f = 45 + -42. Suppose 2*d + f = i + 1, -11 = -2*i - 3*d. Calculate the remainder when 4 is divided by i.
0
Let m(p) = -2*p + 48. Let c be m(0). Suppose 3*r = -r + c. Calculate the remainder when 22 is divided by r.
10
Suppose -j - 20 = -5*r, -r + 0 = -j - 4. Suppose 5*c = -3*w + 442, j*w - 2*w - 2 = 0. What is the remainder when c is divided by 23?
20
Let h = 163 + -153. What is the remainder when 188 is divided by h?
8
Suppose -2 = -n - 3*p, -n + 5 - 3 = 5*p. Let m(h) = 2 - 2*h + n*h**3 - 4*h + 9*h**2 - 3*h**3. Calculate the remainder when 33 is divided by m(8).
15
Let u(i) = 12*i - 29. Let j be u(7). Let l = j + -21. Calculate the remainder when 92 is divided by l.
24
Suppose 2*g = -g + 2*p - 8, 5*p = -2*g - 18. Let m(f) = -4*f + 46. Calculate the remainder when m(g) is divided by 13.
10
Suppose -l + 0*l + 5*f + 10 = 0, -f + 14 = 3*l. Suppose -2*b + b = -2*r + 43, -l*b - 3*r = 228. Calculate the remainder when 15 is divided by 2/(-6) + (-420)/b.
6
Let d(r) = r - 1. Let p(b) be the first derivative of 3*b**2/2 - 2*b - 5. Let f(u) = -2*d(u) + p(u). Calculate the remainder when 9 is divided by f(5).
4
Let v(d) = d**2 - 35*d - 188. What is the remainder when 347 is divided by v(-6)?
57
Suppose -5*r - 17 = 5*v - 197, -3*v + 5*r + 116 = 0. What is the remainder when (-30)/40 - (-587)/4 is divided by v?
35
Let d = 18 - 15. Suppose -19 = d*t + y - 69, -5*t + y + 94 = 0. Suppose -3*r + 8 = -r. What is the remainder when t is divided by r?
2
What is the remainder when 166 is divided by 804/10 - (-78)/(-195)?
6
Suppose -4 = -3*n - 10, 0 = 4*g + 2*n - 208. Calculate the remainder when 132 is divided by g.
26
Suppose -4*d + 3*d - 119 = -3*w, w - 4*d = 25. Let j(o) = o**3 - o**2 - o + 25. Let f be j(0). Let m = f - 11. Calculate the remainder when w is divided by m.
13
Let p(v) = 2*v**2 + 4. Let z(s) = s**3 + 11*s**2 - 3*s - 7. What is the remainder when p(6) is divided by z(-11)?
24
Let x be 1 - -2 - ((-2)/2 + 1). Suppose -23 = -2*s - t, x*s + 5*t = 2*s + 34. Calculate the remainder when 123 is divided by s.
6
Suppose 1 = 4*p - 7. Suppose 2 = l - p. What is the remainder when 15 + -14 + 1 + 3 is divided by l?
1
Suppose -2*z - y = -44, -6*y - 68 = -4*z - 3*y. What is the remainder when 74 is divided by z?
14
Let x be ((-6)/4)/((-3)/(-6)). Let d = 26 + x. Calculate the remainder when 87 - (3/3 + -3)*1 is divided by d.
20
What is the remainder when 1/((-6)/(-45) - (-1655)/(-12975)) is divided by 42?
5
What is the remainder when -1 - (3 + -3) - -5 - -91 is divided by 35?
25
Let j = -23 - -26. What is the remainder when 244/24 + 4 - (-1)/(-6) is divided by j?
2
Suppose 15 = -2*y - y, 2*p - 3*y - 821 = 0. Calculate the remainder when p is divided by 27.
25
Let n(r) = r**3 - r + 98. Calculate the remainder when n(0) is divided by 4/110 + (-148559)/(-2915).
47
Let j be 1 - 2 - 1/(-1). Suppose x + g - 5 = 0, -2*x + 3*x - g - 13 = j. What is the remainder when x is divided by 5?
4
Let h = 2373 - 2197. Calculate the remainder when h is divided by 33.
11
Suppose 4*s = a - 1508, -s - 4*s - 2*a = 1898. Calculate the remainder when s/(-15)*5/2 is divided by 17.
12
Let n be 15/(-3) - -1 - -1. Let l(s) = s**2 + 2*s + 3. What is the remainder when l(5) is divided by n + (-13)/(0 - 1)?
8
Let x(o) = 2*o**2 - 19*o - 24. Calculate the remainder when 1259 is divided by x(12).
35
Let c(w) = w**3 + 6*w**2 - 4*w - 2. What is the remainder when (-2)/4*340*16/(-32) is divided by c(-6)?
19
Let f be 24/(-144) - 3662/(-12). Suppose a + 4*a = f. What is the remainder when a is divided by 32?
29
Suppose -s + 2*n = 14, 0 = -s - n - 3 - 2. Let z be s/10*(-60)/2. What is the remainder when 34 is divided by 2 + z/3 + -1?
7
Suppose 0 = 9*x + 4*x - 1872. What is the remainder when x is divided by 3?
0
Let m(i) be the third derivative of i**5/6 - 3*i**2. Let f be m(-2). Suppose 2*h = -3*h + f. Calculate the remainder when 31 is divided by h.
7
Let m = -14 - -29. Let g(v) = 54*v**2 + 2*v. Let w be g(-1). Suppose 2*c = 2*r - r + 58, w = 2*c + 2*r. What is the remainder when c is divided by m?
13
Let x be (-2 - 429)/1*-1. Suppose -3*l + 394 = 5*o - 9, 5*o = 4*l + x. What is the remainder when o is divided by 17?
15
Let r(y) = y**3 - 13*y**2 + 3*y + 7. Let g = 9 - -4. Calculate the remainder when r(g) is divided by 13.
7
Let m be (-1 - 7)/(2 + -4). Suppose m*w = 3 + 9. What is the remainder when 51 + 4/4 - w is divided by 25?
24
Suppose 17*h - 11*h = 18. Let m(y) = -5*y**3 + y**2 + 1. Let r be m(-3). Calculate the remainder when h + -3 + r/5 is divided by 16.
13
Let b(g) = 5*g**2 - 2. Let q be b(4). Suppose -5*i + 2*i + q = 0. Let m(r) = -r**2 - 205*r - 3119. What is the remainder when m(-17) is divided by i?
25
Calculate the remainder when (-4)/(20/55)*-2 is divided by 6.
4
Suppose -4*y - 26 = -6. Suppose 4*g = 141 + 247. What is the remainder when g is divided by -2*1 + (y - -32)?
22
Let c be (5 - (-5 - 25)) + 1. Suppose -c - 390 = -6*u. What is the remainder when u is divided by 30?
11
Let o = -1602 + 1644. Suppose 3*v - 75 = -3*c, -v + 19 = -0*c - c. What is the remainder when o is divided by v?
20
Suppose -13 = -2*n - 25. Let s = 20 + n. What is the remainder when 40 is divided by s?
12
Let f = 186 + -152. Calculate the remainder when f is divided by 13.
8
Let d be (-2 + 0)*(-57)/6. Let z = d - 14. Suppose -z*h = -181 - 169. What is the remainder when h is divided by 18?
16
Let v(c) = -5*c + 3*c - c + 4*c + 25. Calculate the remainder when 27 is divided by v(-15).
7
Let r = -344 + 370. What is the remainder when 77 is divided by r?
25
Calculate the remainder when 1757 is divided by ((-110)/44)/((-2)/64).
77
Let x = 8 - 6. Suppose -5*h + 83 = -72. Calculate the remainder when (-11 - x)/((-5)/(37 + -2)) is divided by h.
29
Suppose -4 = 3*g - 5*x, g - 3*x - 2 = -6. What is the remainder when 45 is divided by 1070/90 - g/(-18)?
9
Let d(h) = -h**2 + 42*h + 366. What is the remainder when 127 is divided by d(49)?
12
Let f(n) = n**2 + 9*n + 3. Calculate the remainder when 753 is divided by f(-9).
0
Let k = 5 - -10. Calculate 